inder when 72518351 is divided by 36.
23
What is the remainder when 924183 is divided by 11419?
10663
What is the remainder when 3022424 is divided by 232486?
106
What is the remainder when 106116539 is divided by 53?
45
Calculate the remainder when 4982 is divided by 4836.
146
Calculate the remainder when 3997301 is divided by 195.
191
What is the remainder when 522843 is divided by 354?
339
What is the remainder when 6876641 is divided by 298?
291
What is the remainder when 673148 is divided by 223531?
2555
What is the remainder when 426746 is divided by 23705?
56
Calculate the remainder when 393493 is divided by 16257.
3325
Calculate the remainder when 21326 is divided by 10608.
110
What is the remainder when 5350909 is divided by 1334?
235
What is the remainder when 42509334 is divided by 39?
36
Calculate the remainder when 9257401 is divided by 3370.
11
What is the remainder when 225097233 is divided by 19?
15
Calculate the remainder when 32878550 is divided by 56.
54
What is the remainder when 1562604 is divided by 2?
0
What is the remainder when 3607736 is divided by 4331?
13
Calculate the remainder when 6948207 is divided by 93.
84
Calculate the remainder when 13325671 is divided by 1725.
46
Calculate the remainder when 802749 is divided by 11805.
9
What is the remainder when 1379704 is divided by 342?
76
What is the remainder when 47106930 is divided by 29?
26
Calculate the remainder when 22038 is divided by 19916.
2122
What is the remainder when 3362778 is divided by 881?
1
What is the remainder when 7690 is divided by 961?
2
What is the remainder when 15263 is divided by 1007?
158
Calculate the remainder when 16877850 is divided by 5206.
5204
Calculate the remainder when 313348 is divided by 22376.
84
What is the remainder when 3204581 is divided by 57?
41
Calculate the remainder when 33851 is divided by 4813.
160
Calculate the remainder when 484479 is divided by 919.
166
Calculate the remainder when 11042088 is divided by 542.
464
Calculate the remainder when 4773052 is divided by 2386181.
690
Calculate the remainder when 46107 is divided by 7571.
681
Calculate the remainder when 4572609 is divided by 54.
51
What is the remainder when 8008923 is divided by 178?
169
What is the remainder when 22454911 is divided by 2505?
91
Calculate the remainder when 22477817 is divided by 1266.
1253
What is the remainder when 843554 is divided by 117?
101
Calculate the remainder when 1668376 is divided by 19.
5
Calculate the remainder when 18959420 is divided by 240.
140
What is the remainder when 33340 is divided by 7491?
3376
What is the remainder when 145778 is divided by 20761?
451
Calculate the remainder when 229619108 is divided by 142.
138
What is the remainder when 518009 is divided by 172377?
878
Calculate the remainder when 7180583 is divided by 760.
103
What is the remainder when 10903516 is divided by 934?
0
What is the remainder when 1064754 is divided by 289?
78
What is the remainder when 1314970 is divided by 155?
105
Calculate the remainder when 71942058 is divided by 28904.
2
What is the remainder when 14803150 is divided by 156?
154
What is the remainder when 1525924 is divided by 20?
4
Calculate the remainder when 1730198 is divided by 423.
128
What is the remainder when 5085292 is divided by 1271322?
4
What is the remainder when 35288153 is divided by 120?
113
Calculate the remainder when 55617 is divided by 371.
338
Calculate the remainder when 31789820 is divided by 264.
260
What is the remainder when 4489449 is divided by 396?
393
What is the remainder when 431545086 is divided by 3328?
3326
What is the remainder when 6526943 is divided by 20270?
3
Calculate the remainder when 2430077 is divided by 1124.
1113
Calculate the remainder when 6319758 is divided by 1263947.
23
What is the remainder when 749710 is divided by 245?
10
What is the remainder when 4653376 is divided by 643?
628
What is the remainder when 1321928 is divided by 270?
8
Calculate the remainder when 131507 is divided by 43253.
1748
What is the remainder when 42797 is divided by 4260?
197
What is the remainder when 25256345 is divided by 96?
89
Calculate the remainder when 910276 is divided by 663.
640
What is the remainder when 229034 is divided by 246?
8
Calculate the remainder when 65749 is divided by 1417.
567
What is the remainder when 13044 is divided by 2553?
279
What is the remainder when 50234 is divided by 16678?
200
Calculate the remainder when 786294 is divided by 651.
537
What is the remainder when 2562418 is divided by 3849?
2833
What is the remainder when 399150 is divided by 199473?
204
What is the remainder when 501955 is divided by 167288?
91
Calculate the remainder when 1099790 is divided by 148.
2
Calculate the remainder when 7048070 is divided by 7603.
89
What is the remainder when 1074562 is divided by 358104?
250
Calculate the remainder when 69057802 is divided by 12908.
2
Calculate the remainder when 29033 is divided by 705.
128
Calculate the remainder when 1030405 is divided by 25.
5
What is the remainder when 6939 is divided by 92?
39
What is the remainder when 3229379188 is divided by 9?
7
What is the remainder when 1569076 is divided by 1775?
1751
Calculate the remainder when 152648 is divided by 3218.
1402
What is the remainder when 756420 is divided by 4348?
4216
What is the remainder when 3008414 is divided by 865?
809
Calculate the remainder when 31050663 is divided by 22.
17
Calculate the remainder when 45639823 is divided by 5775.
5773
Calculate the remainder when 2277958 is divided by 10.
8
What is the remainder when 7149 is divided by 6488?
661
Calculate the remainder when 8358139 is divided by 8107.
7929
Calculate the remainder when 3416783 is divided by 488058.
377
What is the remainder when 937443 is divided by 311600?
2643
What is the remainder when 1214436 is divided by 93418?
2
What is the remainder when 11379191 is divided by 3054?
3041
Calculate the remainder when 3924015 is divided by 6662.
97
What is the remainder when 1909132 is divided by 183?
76
Calculate the remainder when 529961 is divided by 262.
197
What is the remainder when 4055817 is divided by 231?
150
Calculate the remainder when 36280849 is divided by 18.
13
What is the remainder when 309311 is divided by 3818?
53
What is the remainder when 2590825 is divided by 20400?
25
Calculate the remainder when 1638450 is divided by 85.
75
What is the remainder when 35624 is divided by 1769?
244
What is the remainder when 17264941 is divided by 16665?
1
Calculate the remainder when 482788 is divided by 4780.
8
What is the remainder when 20093085 is divided by 3732?
3729
What is the remainder when 13946482 is divided by 933?
931
What is the remainder when 269970568 is divided by 9?
7
Calculate the remainder when 600091 is divided by 200028.
7
What is the remainder when 2206832 is divided by 735604?
20
What is the remainder when 143459 is divided by 28555?
684
Calculate the remainder when 161245 is divided by 75.
70
Calculate the remainder when 31681332 is divided by 17.
13
What is the remainder when 18571103 is divided by 72?
71
What is the remainder when 13219124 is divided by 2203186?
8
What is the remainder when 6893571 is divided by 193?
190
Calculate the remainder when 137946 is divided by 70.
46
What is the remainder when 1986802 is divided by 1704?
1642
Calculate the remainder when 4935945 is divided by 705133.
14
What is the remainder when 191024 is divided by 351?
80
Calculate the remainder when 7515 is divided by 6927.
588
Calculate the remainder when 82503 is divided by 11674.
785
What is the remainder when 354997896 is divided by 9?
6
Calculate the remainder when 60349 is divided by 15066.
85
Calculate the remainder when 26189324 is divided by 73.
63
Calculate the remainder when 89291058 is divided by 114.
102
What is the remainder when 213562 is divided by 11866?
11840
What is the remainder when 60071 is divided by 49?
46
What is the remainder when 564796 is divided by 1595?
166
Calculate the remainder when 36487564 is divided by 31.
6
What is the remainder when 307354 is divided by 10905?
2014
Calculate the remainder when 14604949 is divided by 21831.
10
What is the remainder when 74338 is divided by 73673?
665
What is the remainder when 56179